{"id":42,"date":"2022-02-12T16:02:28","date_gmt":"2022-02-12T15:02:28","guid":{"rendered":"http:\/\/m-sf.de\/blog\/?page_id=42"},"modified":"2023-04-11T14:26:52","modified_gmt":"2023-04-11T12:26:52","slug":"kontakt-impressum-datenschutz","status":"publish","type":"page","link":"https:\/\/m-sf.de\/blog\/kontakt-impressum-datenschutz\/","title":{"rendered":"Kontakt\/ Impressum\/ Datenschutz"},"content":{"rendered":"\n<p><em>Kontakt:<\/em><br>Sonja Schmid, Tel. 089&nbsp;\/&nbsp;42&nbsp;37&nbsp;67<\/p>\n\n\n\n<p><em>E-Mail:<\/em> <br><a href=\"mailto:info@m-sf.de\">info@m-sf.de<\/a><\/p>\n\n\n\n<p><em>Website:<\/em><br><a href=\"http:\/\/www.m-sf.de\">www.m-sf.de<\/a><\/p>\n\n\n\n<p><em>Konto:<\/em><br>Hans-Peter Gase<br>Konto-Nummer: 40 160 52 32<br>Sparda-Bank M\u00fcnchen<br>BLZ: 700 90 500<br>IBAN DE61 7009 0500 0401 6052 32, BIC GENODEF1S04<\/p>\n\n\n\n<p><em>V.i.S.d.M:<\/em><br>Sozialforum M\u00fcnchen<br>Hans-Peter Gase, Elisabethstra\u00dfe 28, 80796 M\u00fcnchen<\/p>\n\n\n\n<p><em>Webmaster: N.N.<br><\/em><\/p>\n\n\n\n<p><em>Gestaltung:<\/em><br>Mathias Sandner; WOB<br>Mail an den Webmaster: <a href=\"mailto:webmaster@m-sf.de\">webmaster@m-sf.de<\/a><\/p>\n\n\n\n<p>Offenes Plenum in der Regel jeden dritten Montag im Monat im kda (Schwanthalerstr. 91, 80336 M\u00fcnchen)<\/p>\n\n\n\n<p><a href=\"http:\/\/m-sf.de\/blog\/newsletter\/\">Newsletter<\/a><\/p>\n\n\n\n<pre class=\"wp-block-preformatted\" style=\"font-size:12px\">Mit Urteil vom 12. Mai 1998 hat das Landgericht Hamburg entschieden, dass man durch die Ausbringung eines Links die Inhalte der gelinkten Seite ggf. mit zu verantworten hat. Wir m\u00f6chten ausdr\u00fccklich betonen, dass wir keinerlei Einfluss auf die Gestaltung und die Inhalte der von uns gelinkten Seiten haben. Deshalb distanzieren wir uns ausdr\u00fccklich von allen Inhalten aller gelinkten Seiten auf unserer Homepage. Diese Erkl\u00e4rung gilt f\u00fcr alle Links auf unserer Homepage und f\u00fcr alle Inhalte der Seiten, zu denen die Banner f\u00fchren.<\/pre>\n\n\n\n<h2>Datenschutz<\/h2>\n\n\n\n<p>Diese Datenschutz-Information gilt f\u00fcr die Datenverarbeitung durch das Sozialforum M\u00fcnchen.<\/p>\n\n\n\n<p>Datenschutz-Verantwortlicher:<br>Hans-Peter Gase, Elisabethstra\u00dfe 28, 80796 M\u00fcnchen<\/p>\n\n\n\n<p><em>E-Mail:<\/em><br><a href=\"mailto:info@m-sf.de\">info@m-sf.de<\/a><\/p>\n\n\n\n<p><em>Website:<\/em><br><a href=\"http:\/\/www.m-sf.de\">www.m-sf.de<\/a><\/p>\n\n\n\n<p>Wir weisen darauf hin, dass die Daten\u00fcbertragung im Internet (z.B. bei der Kommunikation per E-Mail) Sicherheitsl\u00fccken aufweisen kann. Ein l\u00fcckenloser Schutz der Daten vor dem Zugriff durch Dritte ist nicht m\u00f6glich.<\/p>\n\n\n\n<h3>Datenerhebung<\/h3>\n\n\n\n<p>Wir nehmen den Schutz Ihrer pers\u00f6nlichen Daten sehr ernst und halten uns daher strikt an die Regeln des Datenschutzgesetzes. Personenbezogene Daten werden auf dieser Website nur im technisch notwendigen Umfang oder zum Bearbeiten Ihrer Anfrage erhoben. In keinem Fall werden von uns erhobene Daten verkauft oder aus anderen Gr\u00fcnden an Dritte weitergegeben.<\/p>\n\n\n\n<p>Grunds\u00e4tzlich ist die Nutzung unserer Internetseite ohne Angabe personenbezogener Daten m\u00f6glich. Bei Anfragen jedoch ist eine Verarbeitung personenbezogener Daten (beispielsweise des Namens, der Anschrift, der E-Mail-Adresse oder der Telefonnummer) unumg\u00e4nglich. Diese Daten werden nur zu dem Zweck verwendet, zu dem sie erhoben wurden, und gel\u00f6scht, sobald sie nicht mehr ben\u00f6tigt werden.<\/p>\n\n\n\n<p>Beim Aufrufen unserer Website <a href=\"http:\/\/www.m-sf.de\/\">www.m-sf.de<\/a> werden durch den auf Ihrem Endger\u00e4t zum Einsatz kommenden Browser automatisch Informationen an den Server unserer Website gesendet. Diese Informationen werden dort tempor\u00e4r in einem sog. Logfile gespeichert. Folgende Informationen werden dabei ohne Ihr Zutun erfasst und bis zur automatischen L\u00f6schung gespeichert:<\/p>\n\n\n\n<ul><li>IP-Adresse des anfragenden Rechners,<\/li><li>Datum und Uhrzeit des Zugriffs,<\/li><li>Name und URL der abgerufenen Datei,<\/li><li>Website, von der aus der Zugriff erfolgt,<\/li><li>Verwendeter Browser und ggf. das Betriebssystem Ihres Rechners<\/li><\/ul>\n\n\n\n<p>In keinem Fall verwenden wir die erhobenen Daten zu dem Zweck, R\u00fcckschl\u00fcsse auf Ihre Person zu ziehen. Wir besitzen keine M\u00f6glichkeit, die im Rahmen dieser Website automatisch erhobenen Daten einer Person zuzuordnen. Eine Zusammenf\u00fchrung dieser Daten mit anderen Datenquellen wird nicht vorgenommen. Wir behalten uns vor, diese Daten nachtr\u00e4glich zu pr\u00fcfen, wenn uns konkrete Anhaltspunkte f\u00fcr eine rechtswidrige Nutzung bekannt werden.<\/p>\n\n\n\n<p>Statistisch ausgewertet wird nur anonymisiert die Anzahl der Besucher auf unserer Homepage bzw. auf Unterseiten unseres Webangebotes.<\/p>\n\n\n\n<p><\/p>\n\n\n\n<h3>Betroffenenrechte:<\/h3>\n\n\n\n<p>Sie haben das Recht gem\u00e4\u00df Art. 15 DSGVO Auskunft \u00fcber Ihre von uns verarbeiteten personenbezogenen Daten zu verlangen. Insbesondere k\u00f6nnen Sie Auskunft \u00fcber die Verarbeitungszwecke, die Kategorie der personenbezogenen Daten, die Kategorie von Empf\u00e4ngern, gegen\u00fcber denen Ihre Daten offengelegt wurden oder werden, die geplante Speicherdauer, das Bestehen eines Rechts auf Berichtigung, L\u00f6schung, Einschr\u00e4nkung der Verarbeitung oder Widerspruch, das Bestehen eines Beschwerderechts, die Herkunft Ihrer Daten, sofern diese nicht bei uns erhoben wurden, sowie \u00fcber das Bestehen einer automatisierten Entscheidungsfindung einschlie\u00dflich Profiling und ggf. aussagekr\u00e4ftige Informationen zu deren Einzelheiten verlangen.<\/p>\n\n\n\n<p>Sie haben das Recht gem\u00e4\u00df Art. 16 DSGVO unverz\u00fcglich die Berichtigung unrichtiger oder Vervollst\u00e4ndigung Ihrer bei uns gespeicherten personenbezogenen Daten zu verlangen.<\/p>\n\n\n\n<p>Sie haben das Recht gem\u00e4\u00df Art. 17 DSGVO die L\u00f6schung Ihrer bei uns gespeicherten personenbezogenen Daten zu verlangen, soweit nicht die Verarbeitung zur Aus\u00fcbung des Rechts auf freie Meinungs\u00e4u\u00dferung und Information, zur Erf\u00fcllung einer rechtlichen Verpflichtung, aus Gr\u00fcnden des \u00f6ffentlichen Interesses oder zur Geltendmachung, Aus\u00fcbung oder Verteidigung von Rechtsanspr\u00fcchen erforderlich ist.<\/p>\n\n\n\n<p>Sie haben das Recht gem\u00e4\u00df Art. 18 DSGVO die Einschr\u00e4nkung der Verarbeitung Ihrer personenbezogenen Daten zu verlangen, soweit die Richtigkeit der Daten von Ihnen bestritten wird, die Verarbeitung unrechtm\u00e4\u00dfig ist, Sie aber deren L\u00f6schung ablehnen und wir die Daten nicht mehr ben\u00f6tigen, Sie jedoch diese zur Geltendmachung, Aus\u00fcbung oder Verteidigung von Rechtsanspr\u00fcchen ben\u00f6tigen oder Sie gem\u00e4\u00df Art. 21 DSGVO Widerspruch gegen die Verarbeitung der Daten eingelegt haben.<\/p>\n\n\n\n<p>Sie haben das Recht gem\u00e4\u00df Art. 20 DSGVO Ihre personenbezogenen Daten, die Sie uns bereitgestellt haben, in einem strukturierten, g\u00e4ngigen und maschinenlesbaren Format zu erhalten oder die \u00dcbermittlung an einen anderen Verantwortlichen zu verlangen.<\/p>\n\n\n\n<p>Sie haben das Recht gem\u00e4\u00df Art. 7 Abs. 3 DSGVO Ihre einmal erteilte Einwilligung jederzeit gegen\u00fcber uns zu widerrufen. Dies hat zur Folge, dass wir die Datenverarbeitung, die auf dieser Einwilligung beruhte, f\u00fcr die Zukunft nicht mehr fortf\u00fchren d\u00fcrfen.<\/p>\n\n\n\n<p>Sie haben das Recht gem\u00e4\u00df Art. 77 DSGVO sich bei einer Aufsichtsbeh\u00f6rde zu beschweren. In der Regel k\u00f6nnen Sie sich hierf\u00fcr an die Aufsichtsbeh\u00f6rde Ihres \u00fcblichen Aufenthaltsortes oder unseres Wohnsitzes wenden.<\/p>\n\n\n\n<h3>Widerspruchsrecht:<\/h3>\n\n\n\n<p>Sofern Ihre personenbezogenen Daten auf Grundlage von berechtigten Interesse gem\u00e4\u00df Artikel 6 Abs. S. 1f DSGVO verarbeitet werden, haben Sie das Recht, gem\u00e4\u00df Art. 21 DSGVO Widerspruch gegen die Verarbeitung Ihrer personenbezogenen Daten einzulegen, soweit daf\u00fcr Gr\u00fcnde vorliegen, die sich aus Ihrer besonderen Situation ergeben oder sich der Widerspruch gegen Direktwerbung richtet. Im letzten Fall haben Sie ein generelles Widerspruchsrecht, das ohne Angabe einer besonderen Situation von uns umgesetzt wird.<\/p>\n\n\n\n<p>M\u00f6chten Sie von Ihrem Widerrufs- oder Widerspruchsrecht Gebrauch machen, gen\u00fcgt eine eMail an <a href=\"mailto:info@m-sf.de\">info@m-sf.de<\/a>.<\/p>\n\n\n\n<h3>Hinweise zu den Newslettern:<\/h3>\n\n\n\n<p>Wir versenden unsere Newsletter nur mit der Einwilligung der Empf\u00e4nger. Mit den nachfolgenden Hinweisen kl\u00e4ren wir Sie \u00fcber das Anmelde-, Versandverfahren und Ihre Widerspruchsrechte auf. Wenn Sie unsere Newsletter abonnieren, erkl\u00e4ren Sie sich mit dem Empfang und den beschriebenen Verfahren einverstanden.<\/p>\n\n\n\n<p>Um sich f\u00fcr die Newsletter anzumelden, reicht es aus, wenn Sie Ihre E-Mailadresse angeben.<\/p>\n\n\n\n<p>Die Anmeldung zu unseren Newslettern erfolgt in einem sog. Double-Opt-In-Verfahren. D.h. Sie erhalten nach der Anmeldung eine E-Mail, in der Sie um die Best\u00e4tigung Ihrer Anmeldung gebeten werden. Diese Best\u00e4tigung ist notwendig, damit sich niemand mit fremden E-Mailadressen anmelden kann.<\/p>\n\n\n\n<p>Die Anmeldungen zum Newsletter werden protokolliert, um den Anmeldeprozess entsprechend den rechtlichen Anforderungen nachweisen zu k\u00f6nnen. Hierzu geh\u00f6rt die Speicherung des Anmelde- und des Best\u00e4tigungszeitpunkts, als auch der E-Mailadresse.<\/p>\n\n\n\n<p>Wir f\u00fchren im Zusammenhang mit den Newslettern keine statistischen Erhebungen und Analysen durch<\/p>\n\n\n\n<p>Sie k\u00f6nnen dem Empfang unserer Newsletter jederzeit mit Ihrer E-Mailadresse k\u00fcndigen, d.h. Ihre Einwilligungen widerrufen.<\/p>\n\n\n\n<h3>Google Analytics:<\/h3>\n\n\n\n<p>Diese Website benutzt nicht Google Analytics<\/p>\n\n\n\n<h3>Cookies:<\/h3>\n\n\n\n<p>Diese Website verwendet keine Cookies.<\/p>\n","protected":false},"excerpt":{"rendered":"<p>Kontakt:Sonja Schmid, Tel. 089&nbsp;\/&nbsp;42&nbsp;37&nbsp;67 E-Mail: info@m-sf.de Website:www.m-sf.de Konto:Hans-Peter GaseKonto-Nummer: 40 160 52 32Sparda-Bank M\u00fcnchenBLZ: 700 90 500IBAN DE61 7009 0500 0401 6052 32, BIC GENODEF1S04 V.i.S.d.M:Sozialforum M\u00fcnchenHans-Peter Gase, Elisabethstra\u00dfe 28, 80796 M\u00fcnchen Webmaster: N.N. Gestaltung:Mathias Sandner; WOBMail an den Webmaster: webmaster@m-sf.de Offenes Plenum in der Regel jeden dritten Montag im Monat im kda (Schwanthalerstr. 91, [&hellip;]<\/p>\n","protected":false},"author":1,"featured_media":0,"parent":0,"menu_order":0,"comment_status":"closed","ping_status":"closed","template":"","meta":{"hide_page_title":""},"_links":{"self":[{"href":"https:\/\/m-sf.de\/blog\/wp-json\/wp\/v2\/pages\/42"}],"collection":[{"href":"https:\/\/m-sf.de\/blog\/wp-json\/wp\/v2\/pages"}],"about":[{"href":"https:\/\/m-sf.de\/blog\/wp-json\/wp\/v2\/types\/page"}],"author":[{"embeddable":true,"href":"https:\/\/m-sf.de\/blog\/wp-json\/wp\/v2\/users\/1"}],"replies":[{"embeddable":true,"href":"https:\/\/m-sf.de\/blog\/wp-json\/wp\/v2\/comments?post=42"}],"version-history":[{"count":12,"href":"https:\/\/m-sf.de\/blog\/wp-json\/wp\/v2\/pages\/42\/revisions"}],"predecessor-version":[{"id":396,"href":"https:\/\/m-sf.de\/blog\/wp-json\/wp\/v2\/pages\/42\/revisions\/396"}],"wp:attachment":[{"href":"https:\/\/m-sf.de\/blog\/wp-json\/wp\/v2\/media?parent=42"}],"curies":[{"name":"wp","href":"https:\/\/api.w.org\/{rel}","templated":true}]}}