{"id":6,"date":"2022-01-30T18:02:04","date_gmt":"2022-01-30T17:02:04","guid":{"rendered":"http:\/\/m-sf.de\/blog\/?page_id=6"},"modified":"2023-04-07T13:49:01","modified_gmt":"2023-04-07T11:49:01","slug":"ueber-uns","status":"publish","type":"page","link":"https:\/\/m-sf.de\/blog\/ueber-uns\/","title":{"rendered":"Sozialforum"},"content":{"rendered":"\n<p>Was ein Weltsozialforum ist, hat Peter Burghardt einmal f\u00fcr die SZ anschaulich beschrieben: Es &#8222;begegnen sich Umweltspezialisten, Kirchenleute, Friedensbewegte, Kommunisten, Utopisten, Pragmatiker&#8220; (SZ 28.1.05).  &#8222;Es geht um Frieden, Bush, Irak, Hunger, Boden, Wasser, Gentechnologie, Privatisierung, Kolumbien, Volksbeteiligung. Um Globalisierung und Neoliberalismus. Eine andere Welt eben.&#8220;<\/p>\n\n\n\n<p>Ausgehend vom Weltsozialforum haben wir in M\u00fcnchen uns zu einem Sozialforum M\u00fcnchen versammelt. Uns verbindet das Motto der Sozialforumsbewegung: &#8222;Eine andere Welt ist m\u00f6glich!&#8220; In M\u00fcnchen f\u00fcgen wir hinzu: \u201eM\u00fcnchen sozial und solidarisch!&#8220;<\/p>\n\n\n\n<p>Das Sozialforum versteht das &#8222;sozial&#8220; als &#8222;gesellschaftlich&#8220;: das Spektrum unserer Themen ist so breit und bunt, wie das der beteiligten Gruppen. \u00dcber das Jahr hinweg organisieren wir Veranstaltungen zu gesellschaftlich wichtigen Themen. <\/p>\n\n\n\n<h2>Plenum:<\/h2>\n\n\n\n<p>Unser monatliches offenes Plenum findet in der Regel am dritten Montag eines Monats im kda statt.<\/p>\n\n\n\n<p><\/p>\n\n\n\n<p>Unsere Veranstaltungen sind offen f\u00fcr alle M\u00fcnchnerinnen und M\u00fcnchner, die sich informieren und mit uns und miteinander \u00fcber Alternativen diskutieren wollen: <strong>&#8222;Eine andere Welt ist m\u00f6glich!&#8220;<\/strong> Wir laden insbesondere alle interessierten Gruppen und Initiativen ein, zu unserer Plattform dazuzusto\u00dfen und unser Netzwerk zu st\u00e4rken! <\/p>\n","protected":false},"excerpt":{"rendered":"<p>Was ein Weltsozialforum ist, hat Peter Burghardt einmal f\u00fcr die SZ anschaulich beschrieben: Es &#8222;begegnen sich Umweltspezialisten, Kirchenleute, Friedensbewegte, Kommunisten, Utopisten, Pragmatiker&#8220; (SZ 28.1.05). &#8222;Es geht um Frieden, Bush, Irak, Hunger, Boden, Wasser, Gentechnologie, Privatisierung, Kolumbien, Volksbeteiligung. Um Globalisierung und Neoliberalismus. Eine andere Welt eben.&#8220; Ausgehend vom Weltsozialforum haben wir in M\u00fcnchen uns zu einem [&hellip;]<\/p>\n","protected":false},"author":1,"featured_media":0,"parent":0,"menu_order":0,"comment_status":"closed","ping_status":"closed","template":"","meta":{"hide_page_title":""},"_links":{"self":[{"href":"https:\/\/m-sf.de\/blog\/wp-json\/wp\/v2\/pages\/6"}],"collection":[{"href":"https:\/\/m-sf.de\/blog\/wp-json\/wp\/v2\/pages"}],"about":[{"href":"https:\/\/m-sf.de\/blog\/wp-json\/wp\/v2\/types\/page"}],"author":[{"embeddable":true,"href":"https:\/\/m-sf.de\/blog\/wp-json\/wp\/v2\/users\/1"}],"replies":[{"embeddable":true,"href":"https:\/\/m-sf.de\/blog\/wp-json\/wp\/v2\/comments?post=6"}],"version-history":[{"count":11,"href":"https:\/\/m-sf.de\/blog\/wp-json\/wp\/v2\/pages\/6\/revisions"}],"predecessor-version":[{"id":373,"href":"https:\/\/m-sf.de\/blog\/wp-json\/wp\/v2\/pages\/6\/revisions\/373"}],"wp:attachment":[{"href":"https:\/\/m-sf.de\/blog\/wp-json\/wp\/v2\/media?parent=6"}],"curies":[{"name":"wp","href":"https:\/\/api.w.org\/{rel}","templated":true}]}}

<p>Was ein Weltsozialforum ist, hat Peter Burghardt einmal für die SZ anschaulich beschrieben: Es &#8222;begegnen sich Umweltspezialisten, Kirchenleute, Friedensbewegte, Kommunisten, Utopisten, Pragmatiker&#8220; (SZ 28.1.05).  &#8222;Es geht um Frieden, Bush, Irak, Hunger, Boden, Wasser, Gentechnologie, Privatisierung, Kolumbien, Volksbeteiligung. Um Globalisierung und Neoliberalismus. Eine andere Welt eben.&#8220;</p>



<p>Ausgehend vom Weltsozialforum haben wir in München uns zu einem Sozialforum München versammelt. Uns verbindet das Motto der Sozialforumsbewegung: &#8222;Eine andere Welt ist möglich!&#8220; In München fügen wir hinzu: „München sozial und solidarisch!&#8220;</p>



<p>Das Sozialforum versteht das &#8222;sozial&#8220; als &#8222;gesellschaftlich&#8220;: das Spektrum unserer Themen ist so breit und bunt, wie das der beteiligten Gruppen. Über das Jahr hinweg organisieren wir Veranstaltungen zu gesellschaftlich wichtigen Themen. </p>



<h2>Plenum:</h2>



<p>Unser monatliches offenes Plenum findet in der Regel am dritten Montag eines Monats im kda statt.</p>



<p></p>



<p>Unsere Veranstaltungen sind offen für alle Münchnerinnen und Münchner, die sich informieren und mit uns und miteinander über Alternativen diskutieren wollen: <strong>&#8222;Eine andere Welt ist möglich!&#8220;</strong> Wir laden insbesondere alle interessierten Gruppen und Initiativen ein, zu unserer Plattform dazuzustoßen und unser Netzwerk zu stärken! </p>

<p>Was ein Weltsozialforum ist, hat Peter Burghardt einmal für die SZ anschaulich beschrieben: Es &#8222;begegnen sich Umweltspezialisten, Kirchenleute, Friedensbewegte, Kommunisten, Utopisten, Pragmatiker&#8220; (SZ 28.1.05). &#8222;Es geht um Frieden, Bush, Irak, Hunger, Boden, Wasser, Gentechnologie, Privatisierung, Kolumbien, Volksbeteiligung. Um Globalisierung und Neoliberalismus. Eine andere Welt eben.&#8220; Ausgehend vom Weltsozialforum haben wir in München uns zu einem [&hellip;]</p>
